3. Suppose k = 3*q + 1 - 4. What is the remainder when q is divided by 1?
0
Let j(x) = -x**3 - 4*x**2 - 4*x + 1. Suppose -4*l + 4*f - 2*f = -14, 10 = -2*f. What is the remainder when l/(-2 + 1) - -11 is divided by j(-3)?
2
Suppose 117 + 290 = 11*d. Calculate the remainder when d is divided by 21.
16
Let k(u) = 2*u**2 + 5*u - 5. What is the remainder when k(-7) is divided by 15?
13
Let j(m) = -m + 3. Let o be j(1). Suppose -45 = -t - o*t. What is the remainder when 57 is divided by t?
12
Suppose -6*m + 5*m = -25. What is the remainder when m is divided by 1/(-3 - 120/(-39))?
12
Suppose -5*u - 115 = -0*d - 5*d, -2*d - 5*u = -67. What is the remainder when 100 is divided by d?
22
Let d be -6*(-2 + (-60)/(-9)). Let b = 48 + d. What is the remainder when 58 is divided by b?
18
Suppose -4*t + 16 = 4*x, -10 = -3*t + x - 2. Suppose g = 6*g. Suppose g = -4*b + b + t. What is the remainder when 1 is divided by b?
0
Calculate the remainder when 12 is divided by 11/2 - 1/2.
2
Let x be (2/6)/(2/30). Let u be -6*(-2*1 + 3). What is the remainder when 17 is divided by (-3)/(u/4)*x?
7
What is the remainder when 23 is divided by 14/35 + (-84)/(-15)?
5
Let i(r) = r**3 + 5*r**2 + 2*r - 2. Let b(d) = -d**3 + d**2 - d - 3. Let c be b(0). Suppose 3*o = 6 + 6. What is the remainder when i(c) is divided by o?
2
Suppose -3*g = v + 5 + 5, g + v = 0. Let r = g + 15. What is the remainder when 17 is divided by r?
7
Let z be ((-1)/(-2))/((-3)/(-30)). Suppose -z*w = -0*w - 105. What is the remainder when w is divided by 6?
3
Suppose 4*x - 12 = 4*j, -5*x + 3*x + 6 = -j. Suppose -2*g - 1 + 55 = j. What is the remainder when 80 is divided by g?
26
Let a = -9 + 7. Let g(x) = 2*x + 6. What is the remainder when (-124)/8*a/1 is divided by g(5)?
15
Let j = 53 + 0. What is the remainder when j is divided by 18?
17
Let a(m) = -m**3 - 3*m**2 + m + 5. Let k be a(-4). Let z = 9 - k. Let l = z - -12. Calculate the remainder when 5 is divided by l.
1
Calculate the remainder when 2/(-4) + (-19)/(-2) is divided by 24/(-42) - (-39)/7.
4
Let g = -11 + 14. Suppose 4 = a + 3. Calculate the remainder when g is divided by a.
0
Let f be (-8)/14 + (-212)/(-28). Suppose 0 = 2*v - 7 - f. Calculate the remainder when v is divided by 2.
1
Let c = -1 - -1. Let s(l) = l + 9. Let o = 13 - 8. What is the remainder when s(c) is divided by o?
4
Suppose 5*w - 11 = -1. Suppose 0 = -w*g + 31 + 17. Calculate the remainder when 71 is divided by g.
23
Let p(h) = -h**3 - 4*h**2 - 3*h - 5. What is the remainder when p(-4) is divided by 5?
2
What is the remainder when 25 is divided by 17 + 3 + -6 + -1?
12
Let y = -139 + 153. Suppose 6*m = m + 410. What is the remainder when m is divided by y?
12
Let x(h) = h**3 + 10. Let v be x(0). Let j = v - -8. Calculate the remainder when 53 is divided by j.
17
Suppose 2*t + 55 = 5*m - 3*t, -38 = -3*m + 4*t. Calculate the remainder when 7 is divided by m*-1*1/(-1).
1
Let x = 0 - -2. Suppose x*y + 7 = 3*y. What is the remainder when y is divided by 16/(-12)*(-6)/2?
3
Suppose -6*g = -g - 55. Let f = 15 - g. Calculate the remainder when 15 is divided by f.
3
Let u(c) = 4*c + 93. Calculate the remainder when u(8) is divided by 21.
20
Suppose 0 = -t - 4*t. Suppose -i + 20 + 41 = t. What is the remainder when i is divided by 21?
19
Suppose -2*r - r = 0. Suppose r*w - 43 = -3*w + s, w - 15 = s. Calculate the remainder when w is divided by 1/((2/10)/1).
4
Let w(h) = -h**3 + 10*h**2 - 11*h - 8. Let q(y) = y**2 + y - 4. Let r be q(3). What is the remainder when w(r) is divided by (4 - (-4)/(-4)) + 8?
10
Let h(m) = 10*m**2 + 10. Let n be h(13). What is the remainder when (-1)/(-6) + n/24 is divided by 18?
17
Let a(b) = 9*b + 7. Let f be a(5). Suppose -8*m + 4*m + 144 = 0. Let p = f - m. Calculate the remainder when p is divided by 6.
4
Let y(x) = 37*x**2 - x - 1. Suppose 0 = -4*j + i + 53, 4*j - 35 = -2*i + 15. What is the remainder when y(-1) is divided by j?
11
Let o be ((-6)/4)/(3/(-16)). Suppose 0 = -10*u + o*u + 44. Calculate the remainder when 65 is divided by u.
21
Let i(z) = z**3 - z + 56. Let s be i(0). Suppose 2*m - s = -a, 0*a = 2*m + 5*a - 40. What is the remainder when m is divided by 16?
14
Suppose -27 = i - 67. What is the remainder when i is divided by 14?
12
Let f(l) = 3*l - 5. Let x be f(4). Let p = x - 2. Calculate the remainder when 13 is divided by p.
3
Let c(l) = l**2 + 7*l + 14. Let x = -4 - 8. Let z = x - -19. Calculate the remainder when z is divided by c(-4).
1
What is the remainder when (-2)/(-2) - (-108)/2 is divided by 19?
17
Let z = -127 - -180. Suppose 0 = -4*p + 8, w - 6*p - 8 = -p. Calculate the remainder when z is divided by w.
17
Let l = 74 - -124. Let p = -1 - 9. What is the remainder when 26 is divided by (-4)/p - l/(-30)?
5
Let b(z) = -z**3 - z**2 - 2*z. What is the remainder when b(-2) is divided by 3?
2
Suppose -5*j + 6 = -j - 2*c, -4*j + 3*c = -7. Suppose -4*o - 2*i = -50, 5*o + 2*i - 14 = 50. Calculate the remainder when o is divided by (-2 + 6 + j)*1.
4
Suppose -3*t + 2*q = -91, -4*t + 130 - 18 = 2*q. What is the remainder when t is divided by 8?
5
Let y(n) = -n**2 - 7*n. Let i be y(5). Suppose -109 - 185 = -3*z. Let s = z + i. What is the remainder when s is divided by 13?
12
Let x be (6/5)/(9/30). Let v(m) = 3 - x*m**2 - 1 + 5*m**2 + m. What is the remainder when v(-6) is divided by 11?
10
Let i(v) = -v**2 + 20*v - 2. Calculate the remainder when 101 is divided by i(19).
16
Calculate the remainder when ((-99)/(-3) - -3)/2 is divided by 7.
4
Let n = -11 - -6. Calculate the remainder when (-42)/(-5) - (-2)/n is divided by 3.
2
Let l be 3/(3 - 18/7). Suppose 3*a + l - 43 = 0. Calculate the remainder when 22 is divided by a.
10
Let t = -6 + 9. Let n = 134 + -80. Suppose 0*d = t*d - n. What is the remainder when 53 is divided by d?
17
Let u(d) = 11*d - 5. Calculate the remainder when 81 is divided by u(3).
25
Let x = -17 - -24. What is the remainder when (-204)/(-10) + (-4)/10 is divided by x?
6
Let u = 32 + -16. Let w(b) = b**2 - 15*b - 9. Calculate the remainder when 26 is divided by w(u).
5
Calculate the remainder when (2/(-2))/((-2)/324*2) is divided by 17.
13
Let p be 10/4*8/5. Suppose -k + 2 - p = 0. What is the remainder when (-325)/(-20) + k/8 is divided by 6?
4
What is the remainder when (6 - (-128)/(-24))*(-141)/(-2) is divided by 7?
5
Calculate the remainder when 12 + -15 - -13*5 is divided by 13.
10
Let o(t) = -4*t - 15. Calculate the remainder when o(-11) is divided by 6.
5
Calculate the remainder when 28 is divided by (80/(-12))/(4/(-6)).
8
Calculate the remainder when 64 is divided by (3 + 0 - 2)/((-5)/(-70)).
8
Let v(n) = -12 - 2*n**2 + 3*n**2 + 5*n + 1. Let m = -31 + 55. Calculate the remainder when m is divided by v(-8).
11
Suppose 3*x - 40 = 11. Calculate the remainder when 48 is divided by x.
14
Suppose 2*y - 33 - 3 = 0. Suppose -d = 3, 4*b - y = 2*d + 188. What is the remainder when b is divided by 17?
16
Calculate the remainder when (30/(-45))/((-4)/618) is divided by 26.
25
Calculate the remainder when 11 is divided by (-27)/18*(-16)/3.
3
Let p be (-2)/6 - 7/(-3). Let z(k) = 0 - k**2 + 2*k**p - 4*k - 3. Calculate the remainder when 2 is divided by z(5).
0
Suppose n + 2 = 2*y - 6, 16 = 2*y + 3*n. Calculate the remainder when y is divided by 2.
1
Suppose 0 = 3*g - 2*i + 6, 3*g - 4*g - 2*i - 2 = 0. Let m = 15 - g. What is the remainder when m is divided by 10?
7
Let v be (-15)/6*(-8)/10. Let t(k) = 37*k - 3. Calculate the remainder when t(v) is divided by 18.
17
Suppose -5*x + 266 = w + 3*w, 5*x + w - 254 = 0. Let r(g) = 2*g + 7. What is the remainder when x is divided by r(5)?
16
Let j(i) = -2*i**3 - 2*i**2 - 4*i - 1. What is the remainder when j(-2) is divided by 4?
3
Suppose -3*q - 4*d + 65 = 0, -2*d - 2*d = -5*q + 119. Suppose 4*v = g + 4 - q, -g - 3*v + 5 = 0. Calculate the remainder when 31 is divided by g.
9
Suppose 205 = 2*t - 75. Suppose -2*m + t = 3*m. What is the remainder when m is divided by 10?
8
Let u(q) = q**3 + 8*q**2 + 5*q + 2. Calculate the remainder when u(-5) is divided by 18.
16
Suppose -5*o + 248 + 67 = 0. Suppose -m + 6 = -v - 7, 27 = -2*v + m. What is the remainder when (-816)/v + (-18)/o is divided by 20?
18
Suppose -2*d + 48 = 5*x - d, 0 = -x - 2*d + 6. Let r = 24 + -21. What is the remainder when 